t u(l) = 13*l**2 - 23*l - 144. Determine u(0).
-144
Let q(f) = 28893*f**2 + 404503*f + 5. What is q(-14)?
-9
Let f(p) = -p**2 - 522*p + 38066. Calculate f(65).
-89
Let b(p) = -151945*p - 911660. Calculate b(-6).
10
Let r(i) = 7*i**2 + 1196*i + 1186. Calculate r(-169).
-1011
Let x(r) = 13*r**2 + 1129*r - 12529. What is x(10)?
61
Let w(y) = -575*y - 8523. What is w(-17)?
1252
Let g(q) = -2*q**3 + 18*q**2 + 316*q - 2835. Give g(9).
9
Let w(q) = -q**3 + 90*q**2 + 106*q - 35. Determine w(91).
1330
Let s(k) = 4791*k + 201262. Determine s(-42).
40
Let l(u) = -8902*u - 89100. Calculate l(-10).
-80
Let m(x) = -143301*x - 716511. Determine m(-5).
-6
Let d(u) = -1235*u + 157773. Determine d(128).
-307
Let d(k) = 1781*k - 47721. What is d(27)?
366
Let g(k) = 70*k - 7045. Calculate g(102).
95
Let p(k) = k**3 - 56*k**2 + 1057*k - 51206. Determine p(54).
40
Let y(g) = -g**2 + 837*g - 15605. Give y(19).
-63
Let g(y) = -57852*y + 867567. What is g(15)?
-213
Let h(n) = 9321*n - 2898836. Give h(311).
-5
Let w(b) = 4*b**3 - 97*b**2 + 497*b + 9. Give w(17).
77
Let g(d) = d**3 - 122*d**2 + 103*d + 2525. Give g(121).
347
Let j(k) = 2291*k - 1063038. Determine j(464).
-14
Let l(m) = -51*m**2 - 142*m + 738. Determine l(6).
-1950
Let u(t) = -t**3 + 28*t**2 - 220*t + 913. What is u(19)?
-18
Let z(o) = o**3 - o**2 - 402*o - 3091. Give z(-13).
-231
Let d(i) = -4*i**2 + 229*i + 4152. Determine d(-15).
-183
Let t(a) = 2*a**2 - 20*a - 45. Give t(-11).
417
Let o(i) = 3*i**2 + 4646*i + 37023. Calculate o(-8).
47
Let l(w) = 2*w**3 - 277*w**2 - 1898*w + 1917. Determine l(145).
32
Let d(a) = a**3 - 49*a**2 - 2253*a - 638. Give d(78).
64
Let o(k) = 2*k**2 - 3133*k - 419264. Calculate o(-124).
-20
Let b(x) = -21*x**2 - 1247*x + 2040. Determine b(-61).
-34
Let r(g) = -g**3 - 1711*g**2 + 5142*g - 8. What is r(3)?
-8
Let t(f) = -f**3 - 27*f**2 - 324*f - 1156. Calculate t(-6).
32
Let v(j) = j**2 + 7215*j - 43336. Calculate v(6).
-10
Let w(m) = -5*m**2 + 67*m + 8038. Determine w(-34).
-20
Let j(b) = 5*b**3 - 45*b**2 + 517*b - 3834. What is j(8)?
-18
Let n(j) = 3*j**3 - 65*j**2 + 443*j + 65. Calculate n(8).
985
Let v(r) = -r**3 - 566*r**2 + 2861*r + 3412. Determine v(-571).
-14
Let r(g) = -2*g**2 - 254*g - 5303. Determine r(-99).
241
Let b(a) = 5*a**2 - 6831. Calculate b(-37).
14
Let v(n) = -n**3 - 13*n**2 - 125*n - 1127. Determine v(-9).
-326
Let w(j) = -3*j**3 + 78*j**2 - 90*j - 119. What is w(24)?
1177
Let l(z) = -2587*z - 807136. Give l(-312).
8
Let t(g) = -11*g**2 + 460*g - 2772. Give t(6).
-408
Let w(b) = -5*b**2 - 2391*b + 323522. What is w(110)?
12
Let f(s) = 3857*s - 462980. What is f(120)?
-140
Let c(m) = 8*m**3 - 4263*m**2 - 511*m - 11732. Give c(533).
-6
Let l(t) = -979*t + 21168. Determine l(21).
609
Let x(r) = -6*r**3 + 221*r**2 + 258*r + 303. Determine x(38).
-1
Let f(s) = -10*s**2 - 565*s + 5347. Determine f(10).
-1303
Let y(o) = 9*o**3 + 91*o**2 + 212*o + 2023. What is y(-10)?
3
Let u(l) = 1791*l - 48140. Give u(27).
217
Let j(m) = -m**2 + 217*m - 4248. Give j(192).
552
Let h(b) = -16*b**3 - b**2 + 50*b + 128. Give h(-3).
401
Let h(q) = -2385*q + 33994. Determine h(13).
2989
Let r(z) = -645*z + 31935. Calculate r(49).
330
Let o(t) = -t**3 - 316*t**2 + 7085*t + 2685. What is o(-337)?
-11
Let o(m) = 22*m**3 - 9*m**2 - 180*m - 173. Give o(-1).
-24
Let f(r) = 4*r**2 - 117*r - 7500. Give f(60).
-120
Let b(q) = 13*q**2 + 1446*q + 12413. Determine b(-102).
173
Let h(p) = -p**3 - 12*p**2 + 37*p - 36. What is h(-14)?
-162
Let l(a) = -4*a**3 + 8*a**2 - 16922*a + 33821. Determine l(2).
-23
Let s(b) = -55*b**2 - 376*b + 257. Determine s(-9).
-814
Let h(n) = -7*n + 1455. Give h(240).
-225
Let z(m) = -2*m**3 - 134*m**2 + 549*m - 1394. What is z(-71)?
-45
Let f(x) = x**2 - 315*x + 19246. What is f(220)?
-1654
Let m(x) = -1972*x**3 - 2*x**2 + 322*x - 11. Give m(0).
-11
Let l(t) = -203*t + 2824. Calculate l(13).
185
Let y(p) = 7*p**3 - 221*p**2 + 83*p + 1451. Give y(31).
180
Let c(r) = 4*r**2 + 911*r + 51527. What is c(-106)?
-95
Let k(b) = b**2 + 140*b + 5467. Determine k(-93).
1096
Let r(i) = -249*i + 1333. What is r(8)?
-659
Let o(k) = k**3 - 23*k**2 + 59*k + 848. Give o(16).
0
Let s(d) = d**3 - 57*d**2 - 170*d + 1668. What is s(59)?
-1400
Let h(z) = 28*z**2 + 570*z - 5506. What is h(7)?
-144
Let q(s) = 14*s**2 + 311*s - 4514. What is q(10)?
-4
Let h(a) = -720*a + 45950. Give h(64).
-130
Let s(u) = 4149*u + 875444. Give s(-211).
5
Let r(j) = 11*j**2 + 116*j - 358. Calculate r(10).
1902
Let j(l) = -6*l**2 - 57*l + 6273. Give j(28).
-27
Let q(m) = 58029*m - 58134. Calculate q(1).
-105
Let y(i) = -i**3 - 61*i**2 + 43*i + 2315. Determine y(-61).
-308
Let h(x) = 2*x**2 + 66*x - 28461. What is h(104)?
35
Let u(x) = 13*x**2 + 20*x - 1. Give u(-11).
1352
Let s(b) = -2*b**3 - 388*b**2 - 1151*b - 982. Determine s(-191).
-27
Let a(y) = y**3 - 26*y**2 + 117*y - 231. What is a(15)?
-951
Let k(v) = -v**3 + 33*v**2 + 130*v - 19. Determine k(37).
-685
Let p(b) = 12*b**3 - 6*b**2 + 359*b - 733. What is p(2)?
57
Let n(r) = -1870*r - 185068. Determine n(-99).
62
Let w(f) = -47*f**2 + 165*f + 328. Give w(-2).
-190
Let v(b) = -14*b**3 - b**2 + 20*b - 21. Calculate v(1).
-16
Let y(z) = 2*z**2 + 698*z - 18676. Calculate y(-374).
24
Let r(a) = -3*a**3 - 3*a**2 + 19*a - 78. Calculate r(-6).
348
Let t(j) = 848*j - 4140. What is t(5)?
100
Let n(k) = 4*k**2 - 401*k + 576. Give n(99).
81
Let b(f) = 5*f**2 + 836*f + 34982. Determine b(-86).
66
Let f(d) = 353361*d + 2826902. What is f(-8)?
14
Let a(n) = 7829*n**2 - 117436*n + 15. Give a(15).
0
Let t(l) = -63621*l + 381703. What is t(6)?
-23
Let n(x) = x**2 + 1555*x + 30521. Give n(-20).
-179
Let c(b) = 17917*b + 358324. Determine c(-20).
-16
Let b(t) = t**3 - 8*t**2 - 722*t + 88. Determine b(31).
-191
Let f(w) = 6*w**2 + 2129*w + 120695. Determine f(-284).
-5
Let t(f) = 21625*f - 43264. What is t(2)?
-14
Let d(q) = 44*q**2 - 13*q - 785. What is d(5)?
250
Let h(l) = 10*l**2 + 702*l - 1177. Calculate h(-72).
119
Let o(w) = w**3 + 460*w**2 - 521*w - 27667. What is o(-461)?
-7
Let p(n) = n**3 - 386*n**2 - 420*n + 12726. What is p(387)?
-45
Let j(f) = 4140*f + 335377. Give j(-81).
37
Let b(m) = -950126*m + 5700798. Determine b(6).
42
Let c(d) = -d**3 + 18*d**2 + 80*d + 4. Determine c(-5).
179
Let o(h) = h**3 - 12*h**2 + 1959*h - 17429. Determine o(9).
-41
Let a(s) = -s**2 - 75*s + 64980. Determine a(220).
80
Let v(o) = 2*o**3 + 930*o**2 - 1791*o + 35950. Give v(-467).
-9
Let j(v) = 22*v**2 - 220*v - 357. Give j(13).
501
Let n(d) = d**3 + 23*d**2 + 46*d + 585. Give n(-25).
-1815
Let c(g) = -592855*g - 3557133. What is c(-6)?
-3
Let i(z) = z**3 + 7*z**2 - 56*z - 498. Determine i(-11).
-366
Let i(q) = 19307*q + 193073. Calculate i(-10).
3
Let q(v) = -569*v**2 + 32*v + 1. Give q(-1).
-600
Let j(s) = 3*s**2 - 88*s - 6889. What is j(-38)?
787
Let a(q) = -14350*q - 1005029. What is a(-70)?
-529
Let m(p) = -166*p + 1284. Calculate m(8).
-44
Let o(u) = 3*u**3 + 30*u**2 - 257*u - 972. What is o(-3)?
-12
Let z(d) = -d**3 - 18*d**2 + 124*d + 669. What is z(-22)?
-123
Let c(b) = -322653*b - 2903898. What is c(-9)?
-21
Let r(a) = a**2 - 18402*a - 848599. What is r(-46)?
9
Let f(a) = 89*a**2 + 41*a - 80. Determine f(4).
1508
Let c(i) = i**2 - 153*i + 3219. Calculate c(129).
123
Let b(z) = -z**3 + 411*z**2 - 34*z + 17. Give b(0).
17
Let c(t) = 111*t - 7666. Calculate c(67).
-229
Let n(b) = 3*b**3 + 245*b**2 - 3803*b + 116. Determine n(-95).
401
Let k(m) = 7*m**2 - 84297*m - 84292. Give k(-1).
12
Let p(g) = -24703*g**2 - 222318*g + 9. Give p(-9).
-72
Let f(c) = c**3 + 87*c**2 - 169*c - 297. Give f(-89).
-1098
Let t(b) = -b**2 + 97*b + 75296. Calculate t(327).
86
Let g(y) = y**3 - 7*y**2 + 31213*y - 156021. Determine g(5).
-6
Let d(w) = 12535*w - 263619. Calculate d(21).
-384
Let j(s) = -s**2 - 2265*s + 86386. Give j(37).
1212
Let w(m) = -99*m**2 + 565*m + 73. Give w(6).
-101
Let z(t) = -t**3 + 30*t**2 - 128*t - 413. Give z(24).
-29
Let d(x) = x**3 + 128*x**2 + 3248*x + 118. Calculate d(-93).
769
Let f(u) = 961*u**2 - 3869*u + 83. Calculate f(4).
-17
Let v(h) = -h**2 - 236*h - 13263. Determine v(-142).
85
Let r(d) = 2*d**3 - 574*d**2 - 4723*d + 847. Give r(295).
-38
Let i(s) = -s**2 - 21*s + 1394. Determine i(-41).
574
Let m(f) = -12*f**2 + 265*f - 1090. What is m(15)?
185
Let r(o) 